 p = -3 + 10. Let u = p + d. Determine v(u).
-6
Let o(l) = 0*l - 5 + 11*l + 3 - 8*l - 2*l. What is o(6)?
4
Suppose 2*n + 4*x + 98 = 0, 3*n = x - 8 - 125. Let o = n + 44. Let t(g) = 7*g + 1. Give t(o).
-6
Let t(p) be the second derivative of 3*p**5/10 - p**4/12 + 13*p + 7. What is t(1)?
5
Let w(g) = g + 1 - 5 + 0. Suppose 14 = -2*u - 8. Let x be (1 - u)*(-2)/(-3). What is w(x)?
4
Suppose 0*k - 4*c = -5*k + 33, c - 13 = -3*k. Let u(f) be the third derivative of -f**2 - 1 - 1/10*f**5 + 1/12*f**4 + f**3 + 1/120*f**6 + 0*f. What is u(k)?
-9
Let s(b) be the third derivative of b**6/120 - b**5/12 + b**4/12 - b**3/3 - 2*b**2. Let q(m) = m**3 - 8*m**2 - m + 12. Let l be q(8). Give s(l).
-10
Let v(u) be the third derivative of -u**5/60 + u**4/24 - 7*u**3/6 - u**2. Let a(b) = 175*b**2 - 1226*b + 7. Let j be a(7). Determine v(j).
-7
Let j be 4 + (0 - (-4 - 1)) + -4. Let s(x) = -x**2 + 5*x - 12. Determine s(j).
-12
Let n(z) be the second derivative of -z**7/2520 + z**6/144 - z**5/20 + 11*z**4/6 + 21*z. Let q(x) be the third derivative of n(x). Give q(4).
-2
Let r = 388 + -381. Let g(d) = d**2 - 11*d + 2 + 4*d + 7. Calculate g(r).
9
Let s(w) = -w**3 + 6*w**2 - 4*w + 2. Let d(a) = -a**3 - 15*a**2 - 37*a - 8. Let p be d(-12). What is s(p)?
18
Let q(d) = 6*d**2 - 12*d**2 - 12*d - 12 + 7*d**2. Let h be q(13). Let m(j) = -6 - 2*j**2 - 2*j**2 + 3*j**2 + h - 3*j. Calculate m(-4).
-9
Let t(y) = 11*y + 15. Let h(p) = -10*p - 13. Let z(c) = -5*h(c) - 6*t(c). Let r(w) = 3*w + 5. Let n(q) = -11*r(q) - 2*z(q). Determine n(-6).
1
Let a(k) = -8*k**3 - 2*k**2 - 2*k + 5. Let m be a(1). Let j(v) = -v**3 - 6*v**2 + 5*v - 8. What is j(m)?
6
Suppose 5*d - 2*d + 5*n - 109 = 0, -3*d + 89 = n. Let r = -14 + d. Let q(u) = 10*u + 14 - r. Calculate q(1).
10
Let a(s) = -29*s**3 + 7*s**2 + 2*s + 6. Let i(x) = -x**2 - 1. Let z(t) = a(t) + 5*i(t). Calculate z(-1).
30
Suppose -4*j = -7*j. Suppose 0*i - i = j. Let x(r) = -r + 5. Let v(k) = -3*k + 11. Let n(t) = 2*v(t) - 5*x(t). Calculate n(i).
-3
Let s(r) = r + 7. Let a be (-90)/8 - 6/(-72)*3. Calculate s(a).
-4
Let f(d) be the first derivative of -2*d + 1/2*d**2 + 14. Calculate f(-6).
-8
Let d(f) = -f**3 + 11*f**2 - 25*f - 24. Let u be d(7). Let z(g) = -2*g**2 - 5*g - 3. Determine z(u).
-6
Let x(l) = 3*l + 32. Let j be x(-9). Let z(p) = -4*p + j*p + 2 + 1 - 5. What is z(4)?
2
Let p(n) be the second derivative of -13*n + 0 + n**2 + 1/6*n**3. Determine p(-5).
-3
Let j(q) = q**2 - 8*q. Let m(y) = 3*y**2 - 25*y + 1. Let d(t) = -7*j(t) + 2*m(t). Determine d(5).
7
Let k(m) = m**2 + 4*m - 30. Let a be k(-8). Let j(c) = -3*c + 9*c - 937 - c**a + 933. Give j(5).
1
Let o(t) be the second derivative of -t**5/20 + t**4/3 + t**3/2 + t**2/2 - 275*t. Give o(4).
13
Let s(d) be the first derivative of -d**4/4 - 5*d**3/3 - 3*d**2/2 + 9*d - 72. Give s(-4).
5
Let z be (21*(-8)/(-60))/((-12)/(-30)). Let s(r) = -2*r - 10. Calculate s(z).
-24
Let w(i) = i**2 - 7*i + 2. Let v = -75 - -81. Let b(c) = -c**3 + 8*c**2 - 11*c + 1. Let k be b(v). Calculate w(k).
2
Let i(q) = 2*q**3 + 5*q**2 + 2*q. Let x(a) = a**2 + 39*a - 553. Let z be x(-50). Give i(z).
-15
Let x(o) be the third derivative of o**7/5040 - o**6/360 + 37*o**5/60 + o**3/6 - 14*o**2. Let v(b) be the third derivative of x(b). Give v(7).
5
Let i(n) = -5*n - 487 + 491 + 6*n - 2*n. Give i(-9).
13
Suppose -3*a = 4*x - 20, 19*a - 23*a + 15 = 3*x. Let v(o) be the second derivative of 1/6*o**3 + 0 - 5/2*o**2 + x*o. What is v(-6)?
-11
Let c(f) = -f**3 + 3*f**2 + 3*f - 3. Let m be (-1)/((-9)/(-12) + -1). What is c(m)?
-7
Let k(g) be the second derivative of -5*g**3/2 + 3*g**2/2 - 2*g + 65. Calculate k(2).
-27
Suppose 0 = -5*j + 11*j. Let m(q) = 1 + j + q**2 - 3*q - 5*q + 4*q. Let p be 2 + 3 + -2 + 2. Determine m(p).
6
Let k(q) be the second derivative of -7*q**3/6 - 13*q. Let m(v) = v**2 + 5*v - 6. Let i be m(-7). Suppose 7*h + 1 = i*h. Give k(h).
-7
Let l(x) = x**2 - 4*x. Let k = -1261 + 2086. Let b be (-2)/(-3) - k/(-45). Let m = b + -17. Determine l(m).
-4
Let q(z) = -z**2 - 2*z**2 - 4 - 2*z + 5. Let o(n) = n**2 + 3*n - 9. Let x be o(-6). Let d = x - 11. What is q(d)?
-7
Let y be (0 - 14)/(-2) + -1. Let s = 4 - y. Let k(f) = 2*f + f - 4*f - 2 - f**2. Determine k(s).
-4
Suppose 2*l + 29 = 5*j, 5*l = -j + 2*j - 38. Let a be l/21 + (-10)/(-3). Let h(n) = 26 + 2*n - 16 - 13. What is h(a)?
3
Let u(x) = -2*x - 6. Suppose -28 = -m - 3*v, -v = 2*m - 2*v - 70. Suppose m + 14 = 3*p. Suppose 2*o - o = -5*l + p, -o + 8 = 3*l. Calculate u(o).
2
Let m(k) be the second derivative of k**4/12 - k**3 + 9*k. Let a(z) = z**2 + 9*z + 12. Let w be a(-8). Suppose -7 = w*s - 35. Calculate m(s).
7
Let p(d) = d + 1. Let n be 0 + (-2)/11 + 158/22. Calculate p(n).
8
Let g(z) = -z**2 - 2*z - 3. Let n(q) = -q**3 + 6*q**2 + q + 4. Let j be 1/((-4)/(-20)) + 1. Let y be n(j). Let b = y + -13. Give g(b).
-6
Let z(w) be the first derivative of -w**4/4 - 17*w**3/3 + 5*w + 95. Give z(-17).
5
Let f(a) = 4*a - 2 - 3*a - a + a. Let d = -230 - -226. Calculate f(d).
-6
Let i(g) be the second derivative of g**5/20 - g**4/2 + 5*g**3/6 - g**2 + 3*g + 781. Let b be -3 - -1 - 5*-1. Determine i(b).
-14
Let t(u) = u**3 - u**2 - 3*u - 2. Suppose 0 = 11*i - 3*i + 16. Determine t(i).
-8
Let f(p) be the second derivative of -1/12*p**4 + 0*p**3 + 0 - 1/20*p**5 + 0*p**2 - 26*p. Determine f(-2).
4
Let s(u) be the first derivative of u**4/4 - 4*u**3/3 - 5*u**2/2 - 6*u - 13. Let m(z) = 6*z**3 - z**2. Let t be m(1). Give s(t).
-6
Suppose -2*r - 44 = -24*r. Let l(c) = c**2 - 7*c + 5. Determine l(r).
-5
Let h(j) = -9*j + 1. Let c(t) = -t**3 + 11*t**2 + 12*t - 4. Let v be c(12). Let u(n) = 2*n + 11. Let z be u(v). Suppose 3*s = -0*s + z. What is h(s)?
-8
Let a(o) = -o**3 - 3*o**2 - 5. Let q be a(-3). Let f(r) be the second derivative of -r**5/20 - r**4/3 + 5*r**3/6 - 3*r**2/2 - 10*r. Give f(q).
-3
Let v = 95 - 93. Let t(q) = -3*q**2 + 2*q - 5. Let u(j) = j**2 + j. Let y(n) = v*u(n) + t(n). Determine y(4).
-5
Let z(y) = -10*y. Let f(g) = 31*g. Let i be 232/(-60) - (-2)/(-15). Let k(m) = i*f(m) - 14*z(m). Calculate k(-1).
-16
Let y(h) = -1 - h**3 - 2 + h + h - h**2. Let s = 24 + -21. Let m be (s - (-18)/(-3))*1. Determine y(m).
9
Let z(s) = 5*s - 1. Suppose -a - 4*u = a + 30, -3*a = 5*u + 45. Let k = a - -3. Let b be k/(-3) + -2 - 3. What is z(b)?
-6
Let q = -29 + 61. Suppose q*p + 100 = 12*p. Let s(y) = -y**2 - 6*y - 2. Give s(p).
3
Let m(y) = -y**2 + 27*y + 10. Let c be m(27). Let u(s) = s**2 - 11*s + 6. Give u(c).
-4
Let w be 4/(2*(-1)/(-1)). Let b(o) = -12*o - 8*o - 14*o + 35*o. Determine b(w).
2
Suppose -11*x = -77 - 22. Let s(i) = -i**3 + 10*i**2 - 10*i + 6. What is s(x)?
-3
Let u(x) be the first derivative of -x**4/4 + 3*x**3 - 9*x**2/2 + 5*x - 256. What is u(7)?
40
Let o(j) = j**3 + 10*j**2 + 11*j - 4. Let w(s) = -2*s**3 - 20*s**2 - 23*s + 9. Let l(g) = 7*o(g) + 3*w(g). Calculate l(-9).
8
Let q be 5 - (26/8 + (-1)/4). Let u(a) be the second derivative of -a**q - 1/20*a**5 + 1/4*a**4 + a + 0 + 2/3*a**3. Calculate u(4).
-2
Let c(w) = 5*w**2 - 3*w + 5. Let y(x) = 4*x**2 - 3*x + 4. Let k(q) = -3*c(q) + 4*y(q). Let z(p) = -20*p**2 + 279*p + 18. Let o be z(14). Give k(o).
5
Let b(p) = -p - 2. Let c(m) = 2*m - 5. Let r be c(5). Suppose -r*t = s, -2*t = s - 1 - 2. Suppose -3*j = 5*y + 19, -2*y + 4*j - 13 = s. Give b(y).
3
Let r(u) = 11*u + 7*u - u**3 - 21*u - 9*u**2 + 0*u**3. Let d(t) = t**3 + 10*t**2 + 4*t + 1. Let p(m) = 5*d(m) + 6*r(m). Determine p(-4).
-3
Suppose -4*q + 40 = -3*i, 4*q - i = 4*i + 40. Let k be (q/(-3))/(4/(-6)). Let g be 0/(-2) - (k + -7). Let c(f) = -f**3 + 2*f**2 + 2*f - 3. What is c(g)?
1
Let j(a) = a**3 - a**2 + a - 1. Let s = -211 - -212. Give j(s).
0
Let i = -395 - -390. Let z(d) be the second derivative of d**5/20 + d**4/3 - 5*d**3/6 - d**2/2 - 2*d. Determine z(i).
-1
Let i(x) = -8*x + 12. Let r(d) = 7*d - 11. Let a(c) = -6*i(c) - 7*r(c). Suppose 10 + 2 = 2*g. Let k = g - -1. Give a(k).
-2
Let i be (2/2 - -1)/(1/2). Let k(g) = -5*g**2 + 4*g + g**3 + 0*g**2 + 0*g**2 - 6. Calculate k(i).
-6
Let o(p) = -5*p**2 - 3*p - 2. Let q(v) = -6*v**2 - 4*v - 3. Let d(b) = 7*o(b) - 6*q(b). What is d(-4)?
8
Let u(g) = -5*g + 1. Suppose p + 1 + 0 = 0. Let q be u(p). Let x(t) = t**2 - 4*t - 8. Determine x(q).
4
Let p(f) = -40*f + 487. Let c be p(12). Let i(x) =